r when g is divided by 6?
4
Let c(u) = u**3 - 12*u**2 + 8. Let i be c(12). Let o(q) = -q**3 - 3*q**2 + 8*q + 7. What is the remainder when o(-5) is divided by (5 + (-76)/i)/(1/(-2))?
8
Suppose 1738 = 17*o + 532 - 902. Calculate the remainder when o is divided by 46.
32
Suppose -2*a + 0*h = h + 83, 3*h - 224 = 5*a. Let g = -46 - a. What is the remainder when (124/3)/(0 + (-1)/g) is divided by 21?
19
Let g(k) = k**3 - 4*k**2 + 6*k - 3. Let o be g(4). Let d be ((-2)/(-3) - 0)/((-2)/o). Calculate the remainder when 15 is divided by -3 + -1 + 2 - (1 + d).
3
Let j = 323 - 644. Let p = -237 - j. Calculate the remainder when p is divided by 30.
24
Suppose -37*b + 3002 - 708 = 0. What is the remainder when 1919 is divided by b?
59
Let m(b) = -18*b**3 + 0 + 19*b**3 - 8*b**2 + 6*b - 4 + 2*b. Let n be m(7). Suppose 15 = -n*x + 129. Calculate the remainder when x is divided by 8.
6
Suppose 3*t = 2*b - 20, -182 = -4*b + 2*t - 158. Calculate the remainder when 847 is divided by b.
3
Suppose m - 45 = 2*m. Let a = 39 + m. What is the remainder when 10 is divided by 3 + (8/(-6) - 2/a)?
0
Suppose 5*r - 3*j = 2*j + 5, 5*r + 3*j = -3. Suppose -47 = -y - 5*f, r = y + 2*f + f - 47. What is the remainder when y is divided by (-220)/(-14) + 26/91?
15
What is the remainder when 2461 is divided by (6/15)/(198/(-55)) - 1010/(-18)?
53
Let w be -4*6/(-48)*-2. What is the remainder when 95 is divided by 47 + w - ((-3)/(-3))/1?
5
Let p(w) = -26*w**2 - 13*w + 38. Let s be p(3). Let u = s - -270. Calculate the remainder when u is divided by 2.
1
Let t = 836 - 653. What is the remainder when 429 is divided by t?
63
Suppose -5670 - 79935 = -65*i. What is the remainder when i is divided by 4?
1
Let r be (-2 - 0) + 2 - (-963)/3. Suppose -3*h - 224 = -5*g, -h + 103 = -5*g + r. Let n = -29 + g. Calculate the remainder when 19 is divided by n.
5
Suppose -12*f + 87*f = 1125. What is the remainder when 539 is divided by f?
14
Let f(h) = -h**3 - 5*h**2 - 7*h - 4. Let v = 456 - 443. What is the remainder when f(-6) is divided by v?
9
Suppose 7239 = -255*t + 49824. Calculate the remainder when t is divided by 55.
2
Let i be (0 + -1 + -5)*135/(-162). Suppose 52 = -i*g + 72. What is the remainder when 47 is divided by (-2)/(-8) + 31/g?
7
Let b(w) = -w**3 - 11*w**2 + 2*w + 23. Let i be b(-11). Let g be 2/(4*i/460). Suppose 11*y + 21 = g. What is the remainder when 93 is divided by y?
17
Let j(x) = 45*x - 671. Let o be j(15). Let n(a) = -3 + 5 + 22*a - 4*a. Calculate the remainder when n(o) is divided by 15.
14
Let x(z) = -z**2 - 7*z + 5. Let l be x(-6). Let s(d) = 0*d**3 + 91 - d**3 - l*d - 83 + 10*d**2. What is the remainder when s(7) is divided by 27?
24
Let c(o) = -14*o - 132. Suppose -5*k + 2*m = 70, -4*k + 3*m - 37 = 19. Calculate the remainder when c(k) is divided by 15.
4
Let u be -1*6*(-4)/(-6). Let x(h) = -3*h**2 - 5*h - 9 - 4*h**2 + h**3 - 3*h**2 - 9*h**2 + 27*h**2. Calculate the remainder when x(u) is divided by 13.
10
Let d = 679 + -174. Let j = d + -296. Suppose -4*u + 132 = 5*g - 143, u = -4*g + j. Calculate the remainder when g is divided by 27.
24
Let r = -2500 - -2509. Suppose 14*b - 4*b = 50. Calculate the remainder when r is divided by b.
4
Suppose 0 = 2*p + p - 252. What is the remainder when p is divided by 20*9/(5 + 4)?
4
Let y(u) = 14*u**2 + 6*u + 5. What is the remainder when 351/6*(-480)/(-72) is divided by y(-2)?
47
Let h(p) = 2*p**2 + 78*p + 597. What is the remainder when 205 is divided by h(-31)?
3
Let w be 1*2 + (9 - 99/9). Suppose 2*r + 6 + 0 = w, 30 = 4*u + 2*r. Let t(v) = -v**2 + 12*v + 10. What is the remainder when 146 is divided by t(u)?
35
Suppose -5*h - 3*w + 283 - 7 = 0, w - 292 = -5*h. Calculate the remainder when 3658 is divided by h.
58
Let d = 731 - 385. Suppose 5*j - 2 = h - 122, -j - d = -3*h. Suppose -2*s = -m + 3*s + h, 2*s + 478 = 4*m. What is the remainder when m is divided by 41?
38
Suppose -2*w = d + 8, 9*d - 8 = 4*d + 2*w. Suppose -6*a = -d*a - 258. Suppose -s - 10 + a = 0. Calculate the remainder when s is divided by 5.
3
Let v(k) = 3*k - 5. Let x = -104 + 106. Suppose 4*s - x*s = 52. Calculate the remainder when s is divided by v(4).
5
Suppose -1151 = -45*y + 379. Calculate the remainder when 404 is divided by y.
30
Let n(f) = 86*f - 3337. Calculate the remainder when 1136 is divided by n(42).
36
Suppose 9*t + 2*t = 1538 + 1685. What is the remainder when t is divided by 44?
29
Let z(x) = -x**2 + 16*x. Let n(b) = 7*b - 1. Let o be n(4). Suppose 2*i + i = o. Calculate the remainder when z(14) is divided by i.
1
Let r(a) = -13*a**3 + a + 1. Let h be r(1). Let u = h - -55. Suppose -1 - 7 = 2*o, -4*l = -o - u. What is the remainder when 97 is divided by l?
7
Let o = 331 + -331. What is the remainder when 137 is divided by (-27)/(-36) + (o - 505/(-20))?
7
Let n(p) = p**2 - 20*p + 168. Calculate the remainder when 399 is divided by n(19).
101
Suppose 16*u + 6*u = 103 + 293. Calculate the remainder when 606 is divided by u.
12
Suppose 5*s - n = 2*n + 347, s - 3*n - 67 = 0. Let a = -130 - -90. Let z = -22 - a. What is the remainder when s is divided by z?
16
Suppose -3*y + 183 = -249. Suppose d = -5*f + 64, 3*d + f + 2*f - y = 0. What is the remainder when 31*1*(-3 - (1 + -11)) is divided by d?
41
Suppose 9905 = -15*v + 9935. What is the remainder when 94 is divided by v?
0
Let l(q) = 2*q**2 + 26*q + 14. Let m be l(-12). Let y = -29 + 48. What is the remainder when 5/(30/(-9)) - 745/m is divided by y?
16
Let b(s) = -19*s**3 - s - 2. Let z = 1275 + -1263. What is the remainder when b(-1) is divided by z?
6
Suppose -3*a = -3*z + 354, 4*a - 12 = -4. Suppose 23*q - z = 17*q. What is the remainder when 34 is divided by q?
14
Let a = -498 - -751. Suppose -5*t - a + 318 = 0. Calculate the remainder when (-4 + 22)*(-16)/(-6) is divided by t.
9
Suppose 299*a = -287*a + 578*a + 6600. Calculate the remainder when a is divided by 6.
3
Calculate the remainder when 2113 is divided by (96/(-3) - -3)/((-2)/1 + 1).
25
Suppose -15*d = 11*d - 90 - 638. What is the remainder when 152 is divided by d?
12
Suppose 5*k = 2*t - 7, 4*t + 4*k - 5 - 23 = 0. Let f be 104/t - 42/(-63). Let d = f - 1. Calculate the remainder when 84 is divided by d.
16
Let d(i) = 9*i**3 - 5*i**2 + 5*i - 1. Suppose -57 + 64 = 7*v. What is the remainder when 318 is divided by d(v)?
6
Let f = 37 - 26. Let w = f + -15. Calculate the remainder when (-916)/(-12) - w/6 is divided by 26.
25
Let g(s) = -s**2 - 16*s + 241. Suppose 36*f - 12*f - 20*f = 0. Calculate the remainder when g(f) is divided by 62.
55
Suppose 5*x - 1277 = -c, 6*x = -178*c + 182*c + 1548. What is the remainder when 304 is divided by x?
48
Let m(q) = 9*q - 9. Let s be m(2). Suppose 11*f = 10*f + s. Let t = 4 + 22. Calculate the remainder when t is divided by f.
8
Let z(c) = -c**3 + 65*c**2 - 180*c - 347. Calculate the remainder when 867 is divided by z(62).
17
Suppose 0 = -a + 8*o - 5*o + 3509, 0 = -4*a - 4*o + 13988. Calculate the remainder when a is divided by 103.
101
What is the remainder when 787 is divided by 398160/1860 - (-22)/(-341)?
145
Suppose 3*p = 7*c - 4*c + 90, 0 = 5*p - 10. What is the remainder when 247 is divided by ((-70)/c)/(5/168)?
79
Let o(d) = 5*d**3 - 9*d**2 + 11*d + 2. Calculate the remainder when 670 is divided by o(2).
26
Suppose 0 = 2*w + 3*x - 19, -4*w + x = -4*x + 17. What is the remainder when ((-280)/30 - 8)/(w/(-12)) is divided by 21?
20
Let x(b) = -14*b - 10. Suppose -5*s = -310 - 25. Let f = 64 - s. Calculate the remainder when x(f) is divided by 4.
0
Suppose -6 = -3*j, 0 = -3*k + 5*k - 5*j + 338. Let h = -86 - k. Let g = -64 + h. Calculate the remainder when 37 is divided by g.
9
Let n = 14377 + -14184. What is the remainder when 3447 is divided by n?
166
Suppose -5 = -61*c + 66*c. Calculate the remainder when 279 is divided by c/(-1*5/145) + -1.
27
Suppose 1084*r = 1078*r + 5574. Calculate the remainder when r is divided by 7.
5
Suppose -d = -f - 225, 2 = 3*f + 11. Suppose -b - 3*b = 3*l - 88, 5*l + b - 141 = 0. Calculate the remainder when d is divided by l.
26
Let g = 186 + -133. Let o = -13955 - -13958. What is the remainder when g is divided by o?
2
Suppose q = -q + 48. Let o(y) = y**3 + 29*y**2 + 13*y + 55. Let n be o(-27). Suppose 0 = n*p - 1171*p + 855. Calculate the remainder when p